-9 - -7)?
317
Let o(k) = k**2 + 12*k + 2. What are the prime factors of o(-15)?
47
Suppose 3*t - t = -34. Let x = -7 - t. What are the prime factors of x?
2, 5
Suppose -12 = -2*m + 3*r - r, -5*m = -4*r - 27. Let k = m + 0. Suppose -x - 12 = -5*w, k*w = w + 6. List the prime factors of x.
3
List the prime factors of (-105 + 10)/(1*-1).
5, 19
Let k = -3 + 7. Suppose -v = -f - 1, 4*f = 5*v - 3*v + k. List the prime factors of (v/(-6))/((-1)/3).
2
Let w = 3 + 3. Let j(l) = 2*l**2 - 9*l + 2. List the prime factors of j(w).
2, 5
List the prime factors of 972/5 - 26/65.
2, 97
What are the prime factors of (-11)/((-22)/(-60))*(-2)/2?
2, 3, 5
Let c be 2*(-3 + 3 - -1). Suppose -4*g = -c*l + 12, -4*g + 16 = 8*l - 3*l. Suppose -l*d + 8 + 44 = 0. What are the prime factors of d?
13
Let k(y) = y**2 - 2*y - 1. List the prime factors of k(-5).
2, 17
Suppose 40 = -5*d + 4*l - 2*l, -2*l = -2*d - 22. List the prime factors of (-20)/d*(-3)/(-1).
2, 5
Let c be (-4)/12 + (-199)/(-3). Suppose -5*p + p + 51 = 3*g, -4*p + 2*g + c = 0. What are the prime factors of p?
3, 5
Let r(j) = -j**3 + 4*j**2 - 2*j - 3. Let s = -5 + 8. Let b be r(s). Let g = b + 3. List the prime factors of g.
3
Suppose -4*x = 3*v + 2, -2*x - 2 - 2 = 0. Let d(z) = -v + 1 + 5*z + 1 - 2. List the prime factors of d(2).
2
List the prime factors of ((-6)/(-5))/(30/500).
2, 5
Let r(p) = -3*p + 73. What are the prime factors of r(0)?
73
Suppose -5*z = 32 + 3. List the prime factors of (-138)/z + 12/42.
2, 5
Let r(q) = 36*q. What are the prime factors of r(2)?
2, 3
Let r(j) = j**3 - j**2 + 4*j - 2. What are the prime factors of r(4)?
2, 31
Let f(u) = -u**3 + u**2 + 8. Let i be 2 + 2/3*-3. Let k be f(i). Suppose -k - 31 = -3*x. What are the prime factors of x?
13
Let y(o) = -o**3 + 9*o**2 - 7*o + 10. Let l(f) = 2*f**2 + 3*f - 1. Let s be l(-3). List the prime factors of y(s).
2, 3
Suppose -j + 0*j = -3*l + 11, -6 = -2*l + j. Suppose l*q = 14 + 31. Let i = -1 + q. What are the prime factors of i?
2
Suppose 0*n + 945 = 15*n. List the prime factors of n.
3, 7
Let o(n) = -4*n**2 + 4*n**2 + 4*n**2 - 1 + 2*n**2. List the prime factors of o(-1).
5
Let b(d) = 41*d. Let z = 2 - 1. List the prime factors of b(z).
41
Suppose -4 = f - 5*t, 2*f + t - 31 = -2*t. Let p = 26 - f. What are the prime factors of p?
3, 5
Let i(b) = -b**3 - 2*b**2 + b + 4. Let r be i(-3). Suppose -4*h + r = -3*h. What are the prime factors of h?
2, 5
Let y = -17 + 7. List the prime factors of (y/15)/(2/(-12)).
2
Suppose 4*o + 26 - 2 = 0. List the prime factors of (8/o)/((-2)/21).
2, 7
Let y = -2 + 2. Suppose y = -3*d - 0*d + 39. List the prime factors of d.
13
Suppose 0 = -4*n + 12. Suppose -z - n + 6 = 0. List the prime factors of z.
3
Let t be (-9)/6*4/3. Let l = t - 8. Let n = l + 19. List the prime factors of n.
3
Let o be 10 - 12 - (5 + -1). List the prime factors of 15 + 1 + o/(-3).
2, 3
Suppose -c - 2*c = -12. Suppose -5*t - 41 = c*y, 5*y - 3*y + t = -19. Let z = -5 - y. What are the prime factors of z?
2
Let u be (-3)/(2/3 - 1). What are the prime factors of 2 + 39/u*3?
3, 5
Suppose 0 = 2*w - 1 - 27. Let q = w - 9. Suppose 0 = q*m - 4*m - 9. What are the prime factors of m?
3
Let b be 5 - 4/(4 - 2). Let x(k) = -2 - 2*k + 5*k + 0 + 0. List the prime factors of x(b).
7
Suppose 0*d = 4*d + 64. Let i = d - -32. What are the prime factors of i?
2
Let d = 64 - 104. Let w = d + 60. List the prime factors of w.
2, 5
Suppose 4*r - 3*d - 1212 = 0, -r + 118 = 5*d - 162. What are the prime factors of r?
2, 3, 5
Let c(t) = 10*t**2 + 8*t + 6. List the prime factors of c(4).
2, 3, 11
Suppose -x - 3*x + 38 = -j, -3*x - 4*j = -19. Suppose 15 = x*m - 4*m. List the prime factors of m.
3
Let s = -9 + 70. Suppose -7 = -3*y - s. Let j = -13 - y. What are the prime factors of j?
5
Let q(w) = -w**3 - 6*w**2 - 3*w - 3. Let c(x) = -2*x**2 - 2*x - 2. Let b be c(-2). List the prime factors of q(b).
3, 5
Suppose -2*v + 43 = -79. What are the prime factors of v?
61
Let t(f) = f**3 - 13*f**2 + f + 17. List the prime factors of t(13).
2, 3, 5
Suppose -2*z + 2 = b, -b + 2 = 3*z - 1. Let l = z - -5. What are the prime factors of l?
2, 3
Let s = 160 + -91. What are the prime factors of s?
3, 23
Let m(s) = 3*s + 4. Let o(z) = -z - 1. Let u(a) = 4*m(a) + 11*o(a). Let j be u(4). What are the prime factors of j + 0 + 2/2?
2, 5
Let l(b) = b**3 - 5*b**2 + 2*b - 5. Let w be l(5). Suppose 0 = -z, w*g - z - 45 = 2*g. Suppose 0 = -5*c - 0 - g, 0 = -a - 3*c. What are the prime factors of a?
3
Let w be (-1 + -4)*12/3. Let s = w + 55. List the prime factors of s.
5, 7
Let u(r) = r**3 - 2*r**2 - 8*r + 7. Let p(w) = 2*w**3 - 4*w**2 - 16*w + 13. Let j(l) = -2*p(l) + 5*u(l). List the prime factors of j(4).
3
Suppose -4*a = -4*y - 125 + 1433, y = 4*a + 315. List the prime factors of y.
331
Suppose -3*t + t = -6. Suppose -t*b = -4*b + 2. What are the prime factors of b?
2
Let o = 58 + -25. What are the prime factors of o?
3, 11
Let s be 18/(-4)*1504/6. Let u be 4/(-10) + s/(-20). Suppose 20 = -4*b + u. List the prime factors of b.
3
Suppose -2*a - 2 = -6. What are the prime factors of a?
2
Suppose 4*m + m + 330 = 3*l, -2*m - 132 = -2*l. What are the prime factors of (1/1)/((-6)/m)?
11
Let u(n) be the third derivative of -n**4/24 + n**3/2 + n**2. Let s = 85 + -92. What are the prime factors of u(s)?
2, 5
List the prime factors of 3/(((-6)/(-14))/(944/56)).
2, 59
Let u be (1 - (3 - 2)) + 1. Let w = 12 - u. List the prime factors of w.
11
Suppose -4*q = 4*f, -5*f = 2*q - 0 - 12. Suppose 147 = 3*m + 39. Suppose d = f*d - m. What are the prime factors of d?
2, 3
Let b be 2*(1 - 0) + -3. Let a(m) = -5*m**3 - 2*m + 4*m**2 - 1 - 4*m**2. List the prime factors of a(b).
2, 3
Let r(u) = u + 7. Let b be r(-5). Suppose 0 = -b*j - 3*j + 25. Suppose n + x = -3*n + 12, -2*n = -j*x + 16. What are the prime factors of n?
2
Suppose -2*b + 138 = b. What are the prime factors of b?
2, 23
Let o(s) = s + 7. Let w(j) = -3*j + 0 + 3 - 2. Let h be w(2). List the prime factors of o(h).
2
Let t be -2*(-3)/((-6)/(-13)). Let u = 6 - 9. Let o = t + u. What are the prime factors of o?
2, 5
Suppose 0 = -5*t + 3 + 2. Let c(u) = -3*u**3 + u**2 - u. Let o be c(t). Let p = o - -5. List the prime factors of p.
2
What are the prime factors of 5*(-3)/(-30)*36?
2, 3
Let y(m) = -m + 9. What are the prime factors of y(-11)?
2, 5
Suppose 4*b - 4 = -4*s - 0, 0 = 4*b + s - 13. Suppose -10 = -o + u, -o + 3*u = b*o - 60. What are the prime factors of o?
3, 5
Let w = 135 + 206. List the prime factors of w.
11, 31
Let u(a) = -20*a - 18. List the prime factors of u(-4).
2, 31
List the prime factors of -4 + 1/(4/148).
3, 11
Let v(j) be the first derivative of -j**3/3 - 9*j**2/2 + 6*j - 2. Suppose s = -s - 16. List the prime factors of v(s).
2, 7
Let u = 52 + -28. What are the prime factors of u?
2, 3
Let u be ((-4)/6)/((-2)/6). Let w be (-212)/44 - u/11. List the prime factors of (3/w)/((-1)/5).
3
What are the prime factors of 25 + 2/6*6?
3
Let w = -50 - -86. Suppose 0*n = 2*n - w. List the prime factors of n.
2, 3
Let x(p) = -3*p**2 - 4*p - 10. Let d be x(7). List the prime factors of (-1)/(-2) + d/(-10).
19
Let v = 15 - 30. Let t = v + 26. Suppose t = -3*p + 38. List the prime factors of p.
3
Let y be (-2 - -8)/(3/2). Let i = -1 + y. Suppose 0*u - i*u + 12 = 0. List the prime factors of u.
2
Let m be 0/(-8) + 1 + 3. Suppose 113 + 31 = m*r. What are the prime factors of r?
2, 3
Suppose -2*j + a + 35 = -9, j = -5*a + 22. List the prime factors of j.
2, 11
Let w = 46 - 10. List the prime factors of w.
2, 3
Let s = 2 - 1. Let a(h) = 5*h - 1. Let q be a(s). Suppose -q*w + j = -25, w - 2*j - 20 = -w. List the prime factors of w.
5
Let p(w) = w**3 + w + 56. What are the prime factors of p(0)?
2, 7
Suppose 0 = -3*b + 6 + 6. Suppose 3*r - g = -0*g + 83, -b*r = g - 113. List the prime factors of r.
2, 7
Suppose r + 4*f = 77, 265 = 5*r - 0*r - 4*f. List the prime factors of r.
3, 19
Let g(t) = -t**3 - 3*t**2 - 4*t + 6. Let s be g(-5). Suppose s = 4*y - 0*y. Suppose 0 = 2*c - 13 - y. List the prime factors of c.
2
Let j be ((-15)/(-10))/((-3)/(-4)). Suppose -5*k + 15 = -j*m, 2*k = 3*m + 5*k - 9. What are the prime factors of (2 - -4)*(m - -1)?
2, 3
Suppose 4*q = 5 + 11. List the prime factors of q/(-16) + 106/8.
13
Suppose 0*l + 2 = l. Suppos